 - -1).
13
Suppose 0 = 2*v - 3*v + 17. Calculate the remainder when v is divided by 3.
2
Let b = -36 - -63. Calculate the remainder when b is divided by ((-20)/(-6))/(3/9).
7
Let r(c) = -4*c**3 - 8*c**2 + 4*c + 6. Calculate the remainder when r(-4) is divided by 24.
22
Let i = 18 + -5. Calculate the remainder when i is divided by 8.
5
Suppose -m - m + 3*h + 45 = 0, 3*m + h - 40 = 0. Calculate the remainder when 71 is divided by m.
11
Let r = 41 - 17. Calculate the remainder when r is divided by 13.
11
What is the remainder when 27 + (5 + -5 - 3) is divided by 1 + (1*6 - -2)?
6
Let c = 44 + -23. Let a(f) = f**3 - 9*f**2 - 9*f + 1. What is the remainder when c is divided by a(10)?
10
Suppose 0 = 4*l - 0*l - 3*w - 164, 122 = 3*l - 2*w. Calculate the remainder when l is divided by 13.
12
Suppose -r + 2*r = 2*w + 79, 4*r - 4*w - 300 = 0. Let y = r - 46. Suppose 0*k + y = 5*k. Calculate the remainder when k is divided by 3.
2
Let z(t) = -t + t + 2 - 2*t. Let w be z(-8). Suppose -3*b = -9 - w. Calculate the remainder when b is divided by 5.
4
Let y(l) = -3*l. Let z be y(-1). Let u be ((-45)/10 + 4)*-26. Suppose -5*h = 3*d - u, -z*d - 5 = -3*h - 2*d. What is the remainder when 4 is divided by h?
0
Let v be (-177)/(-15) + (-3)/(-15). Suppose -s + 5*s = v. Suppose -4*b + 9 + 43 = s*n, -36 = -2*n - 3*b. What is the remainder when 35 is divided by n?
11
Calculate the remainder when (-4 - -14)*2/((-4)/(-6)) is divided by 18.
12
Let f(g) = 2*g**3 - 3*g + 1. Let v be f(2). Let a = v - 8. What is the remainder when -10*(14/(-5) + 2) is divided by a?
2
Suppose 5*s = -0*s + 80. What is the remainder when s is divided by 6?
4
Let p = -23 - -48. Let s(j) = j**2 + 6*j - 4. Let o be s(4). Suppose 0*l = -4*l + o. Calculate the remainder when p is divided by l.
7
Suppose -5*n = 24 - 139. What is the remainder when 43 is divided by n?
20
Let l = -16 - -26. What is the remainder when l is divided by (-8)/(-3)*(-6)/(-4)?
2
Suppose -5*f = -4*k + 54, k = 4*k - 5*f - 38. Suppose 4*h = 5*h - 28. What is the remainder when h is divided by 4/3*120/k?
8
Suppose 21 = 2*n + 5*b, -5*n - 4*b + 7 = -20. Let l = -2 + n. Suppose 2*a = 2*v - 52, 2*a = -2*v + 39 + l. What is the remainder when v is divided by 12?
11
Suppose 0 = y - 4*y + 84. Suppose -2*b = 11*j - 7*j - 202, -4*j + 5*b = -237. What is the remainder when j is divided by y?
25
Suppose -22 = 5*b - 67. Suppose 0 = 3*h - b, -4*q - h - h = -1926. Calculate the remainder when 2/11 - q/(-22) is divided by 12.
10
Suppose s + 4*s - 15 = 0. Suppose -8*h - 55 = -s*h - 5*i, -27 = 5*h + 2*i. Let n(p) = -p - 2. What is the remainder when n(h) is divided by 2?
1
Let a = -4 - -5. Let i be -2 + (a - 0) - -2. What is the remainder when 34 is divided by 19*i + (-1 - 0)?
16
Let k = -14 + 128. What is the remainder when k is divided by 39?
36
Suppose 10*x - 14 = 8*x. Let u = -17 + 28. What is the remainder when u is divided by x?
4
Suppose -13 = 4*q + 2*i - 5*i, -q - 27 = 4*i. Let n(g) = -5*g + 1. Calculate the remainder when n(q) is divided by 13.
10
Let f(h) = h**3 - 9*h**2 + 2*h + 5. What is the remainder when 61 is divided by f(9)?
15
Let v(s) = 9*s - 3. What is the remainder when 59 is divided by v(2)?
14
Suppose -4*s = -7*s - n + 4, n = 4. Suppose -5*g - 5*i + i + 119 = s, -i + 131 = 5*g. What is the remainder when g is divided by 7?
6
Let c(x) = 11*x + 5. Let k(b) = b + 1. Let y(h) = c(h) - 5*k(h). Let i be (-2)/(-9) + 7/9. Calculate the remainder when 22 is divided by y(i).
4
Suppose p = -4*s + 3*s + 14, 4*s = -p + 44. Let z = s + 5. Calculate the remainder when 28 is divided by z.
13
Suppose 2*j - 109 - 45 = 0. Calculate the remainder when j is divided by 20.
17
Suppose 2*d - 2*f - 248 = -3*d, 2*d - 2*f = 104. Suppose 0*s = -4*s + d. Suppose -99 = -3*l - 0*l. What is the remainder when l is divided by s?
9
Calculate the remainder when 37 is divided by (130/30)/((-1)/(-3)).
11
Suppose 2*i - 8 = 5*z - 3*z, 6 = -4*z - i. What is the remainder when 30 is divided by z/((7/(-4))/7)?
6
Let o = 6 - -17. Calculate the remainder when o is divided by 12.
11
Let p(z) = -z**3 + 2*z - 1. Let t be p(-2). Let b = t - 2. Calculate the remainder when b - -2*(-6)/(-3) is divided by 3.
2
Suppose -4*h - 8 = 0, c - 7 = h - 0*h. Suppose 3*r + 12 = 0, -4*r = c*t - t - 40. Calculate the remainder when 53 is divided by t.
11
Let z(s) be the first derivative of s**2 + 8*s - 1. Suppose -2*r - 2*o + 3*o + 16 = 0, 0 = -r - 3*o + 1. Calculate the remainder when z(r) is divided by 12.
10
Let x = -19 - -32. Suppose x = 4*g + 1. Suppose 16 = 5*p - 0*m + g*m, -m = -p. What is the remainder when 5 is divided by p?
1
Let q(u) = -u + 1. Let t be q(-4). Suppose 187 + 3 = t*s. Suppose 0 = 2*z - 25 - 15. What is the remainder when s is divided by z?
18
Suppose -f = c, 2*c + 0*f - f = -3. Let v be (2 + -19)/(c + 2). Let q = 26 + v. Calculate the remainder when 17 is divided by q.
8
Suppose -t - 603 = 2*t. Calculate the remainder when t/(-9) - 2/(-3) is divided by 16*((-14)/(-4) + -3).
7
What is the remainder when (-5)/25 - 232/(-10) is divided by 11?
1
Let o be -4 + 62/(-6)*-3. Suppose o = 4*d - 1. Calculate the remainder when d is divided by 3.
1
Let f(v) = v**3 - 8*v**2 + 7*v + 3. Let r be f(7). Suppose 6*j - 2*j - 14 = r*u, -10 = -4*j + u. What is the remainder when 5 is divided by j?
1
Let z be -1 - (0/(-2) + 2). Suppose 3*g = 10 - 1. Let p = g - z. What is the remainder when 16 is divided by p?
4
Suppose -61 + 1 = -5*c. Let y be (-1 + -1)*(-10)/5. Suppose -2*l - 2*q + 8 = 0, -l + q + 6 = -y. Calculate the remainder when c is divided by l.
5
Let j(k) = 6*k + 1. Let s be j(1). Let w = s + -3. Calculate the remainder when 41 is divided by w/(6/21 - 0).
13
Let p(c) = -c**2 + 5*c + 2. Let z be p(5). Suppose -2*f = -4*y - 36, -f - 3*y + 29 = f. Suppose 12 = z*t - f. Calculate the remainder when t is divided by 5.
4
Let d(u) = u**2 + 12*u - 38. Calculate the remainder when d(7) is divided by 14.
11
Let o = -113 + 155. Calculate the remainder when o is divided by 16.
10
Suppose 3*b = -8*k + 5*k + 36, -k - 4*b + 21 = 0. What is the remainder when k is divided by ((-12)/14)/(3/(-21))?
3
Let h(a) = -25*a - 1. Suppose 3*d = -3 - 0. Suppose 25 = 4*n - 27. Calculate the remainder when h(d) is divided by n.
11
Let z = 6 + -11. Let t be (-2)/z + (-158)/(-5). Calculate the remainder when 8 is divided by (-1)/3 - t/(-6).
3
Let q be (-7)/(-7) - (-3 + 0). Suppose -q*n + 8 = -16. Calculate the remainder when 15 is divided by n.
3
Let d(l) = 4*l - 4. Let q be d(4). Suppose -4*i = -2*i - q. What is the remainder when 16 is divided by i?
4
Let b = 6 + 10. Suppose -r - 5*y + b = 0, 8*y - 3*y = r + 14. Calculate the remainder when 3 is divided by r.
0
Suppose -315 = -34*g + 25*g. What is the remainder when g is divided by 19?
16
Let i be (-4)/14 + (-100)/(-7). Suppose 0 = -3*n + i + 40. Calculate the remainder when 33 is divided by n.
15
Let v = -48 - -92. Suppose v = -4*k + 376. What is the remainder when k is divided by 21?
20
Let n be 2 + (0 - (-1 - 2)). Suppose n*s = 4*w, 4*w + 6 - 18 = 2*s. What is the remainder when w is divided by 2?
1
Let y(a) = 8*a**2 + 2*a + 1. Let o be (3 + 0)/3*-2. What is the remainder when y(o) is divided by 16?
13
What is the remainder when ((-19)/38)/(2/(-280)) is divided by 36?
34
Suppose -h + 6 = -0*h. What is the remainder when 72 is divided by 146/h + 4/6?
22
Let a = -28 - -48. What is the remainder when a is divided by 7?
6
Let c = -136 + 198. Suppose 0 = 5*o + k - 94, -4*o + 5*k = -o - c. What is the remainder when o is divided by 7?
5
Let x(f) = f - 15. Let y be x(0). Calculate the remainder when 2 is divided by 6/y - (-14)/10.
0
Suppose -q + 0 + 9 = 0. Let i be q/((-3)/(-24)*6). Suppose 0 = 4*n + i, -3*m + 63 = 2*n - 4*n. Calculate the remainder when m is divided by 7.
5
Suppose -2*t + 4 + 10 = 0. Suppose 5*n = -q + 27, 0 = -5*q + 2*n + 37 + 98. Calculate the remainder when q is divided by t.
6
Suppose -295 = -5*v - 5*i, -7*v = -2*v - i - 277. What is the remainder when v is divided by -3 + -1*(-2 + 3) + 23?
18
Let c = 7 - 3. Suppose 4*h = 3*q + 17 + 6, c*h = -q + 19. What is the remainder when h is divided by 3?
2
Suppose 0 = -47*x + 44*x + 12. Suppose 0 = -0*b - 5*b + 10. Suppose -34 = -4*a + 5*h, a + b*h + 2*h + 2 = 0. Calculate the remainder whe